.
5
Let v(x) = 40*x + 4. Let f be v(1). Calculate the greatest common divisor of f and 440.
44
Suppose 20 = -h + 120. Let r be 6/(-9) + h/6. Calculate the highest common factor of 128 and r.
16
Let j(v) = -3*v + 2. Let p be j(-1). What is the highest common divisor of 1 and p?
1
Let j(g) = -16*g + 7. Let h(l) = -1. Let a(q) = -6*h(q) - j(q). Let y be a(1). Let i = y - 7. What is the highest common factor of 40 and i?
8
Let k = -3 - -21. Calculate the highest common factor of 18 and k.
18
Suppose 4*t + 347 = 4*l + 839, 0 = 5*t - l - 603. Suppose -t = -11*f + 6*f. Calculate the highest common divisor of f and 6.
6
Let q(j) = j - 1. Let v be q(3). Suppose 0 = 3*y + v*y + 5. Let o(h) = -7*h - 1. Let z be o(y). What is the greatest common divisor of z and 12?
6
Let x be (-11 + 9)*(0 - (-1)/(-2)). Calculate the greatest common factor of 9 and x.
1
Let k be -2 - (-1 - (0 + 0)). Let i(u) = -u - u + 2*u + 6*u**2 + u. Let j be i(k). What is the highest common divisor of j and 55?
5
Suppose -3*x + 177 = 3*p, -2*x - 2*p + 3*p = -130. Calculate the greatest common factor of 9 and x.
9
Let k = 6 - 4. Let l be -1 + 46*1/k. Calculate the highest common factor of 55 and l.
11
Let m(t) = -6*t**2 + 5*t - 10 + 5*t**2 + 2*t**2. Let x be m(-7). Suppose 2*f = x*w - 3*f - 160, 2*w + f = 94. What is the highest common factor of w and 9?
9
Let z(q) = 16*q + 12. Let f be z(18). Calculate the highest common divisor of f and 30.
30
Let w(s) = s + 9. Let q be w(-7). Suppose -q*t + 4*j = t - 20, 4 = 2*t + 2*j. Suppose 0*o - t*o + 40 = 0. Calculate the highest common factor of o and 4.
2
Let d be (7 + -4)*(-1 + (-26)/(-6)). Calculate the highest common factor of d and 50.
10
Let s(z) = 73*z**2 - 1. Suppose 2*l - 3 = -5. Let d be s(l). Suppose -r = i - 7 - 11, -4*i + r = -d. What is the greatest common divisor of 90 and i?
18
Let j be 5 + -5 - (-5 + -2). What is the highest common divisor of j and 77?
7
Suppose 4*c = -i + 100, 175 = 2*i + 3*c - 0*c. What is the greatest common divisor of 16 and i?
16
Suppose -2*g = -94 - 86. Let t be (13 - 1)/(2/(-4)). Let d = t + 34. What is the greatest common factor of g and d?
10
Let v(t) = -4*t. Let c be v(2). Let y(s) = s + 14. Let p be y(c). What is the highest common divisor of 48 and p?
6
Let w be (-10)/50 + 182/10. What is the greatest common divisor of w and 36?
18
Let v be (10/8)/((-1)/(-8)). Let g(l) = -5*l + 20. Let h be g(-9). Let t = 15 + h. What is the highest common factor of t and v?
10
Let i be (33 - 3) + -5 + 3. What is the greatest common factor of 4 and i?
4
Suppose 3*s = -4*w + 19, 7 = 3*w - s - 17. Let f = -36 + 64. Calculate the greatest common factor of f and w.
7
Suppose 0 = 3*u - 7*u + 24. What is the highest common factor of u and 9?
3
Suppose 4 = 3*o + 25. Let u = 5 - o. What is the highest common factor of 4 and u?
4
Suppose 11 = -6*r + 8*r - t, r = -2*t + 18. Calculate the greatest common divisor of 2 and r.
2
Let h be 12 + ((-6)/3 - 0). What is the greatest common factor of h and 80?
10
Let x(w) = -2*w - 2. Let d be x(-6). Let c = -2 - -2. Suppose c*t = 4*t - 60. What is the greatest common divisor of t and d?
5
Let j be ((-2)/((-4)/42))/1. Suppose 12 = 3*i, 4*i + 57 - 220 = -k. Calculate the greatest common factor of k and j.
21
Suppose -5*o = -r - 92, r + 37 = 4*o - 36. Suppose 3*v = o - 7. Suppose 23 = v*c - c + j, 3*j = 5*c - 57. Calculate the highest common factor of c and 1.
1
Let y = 4 - -28. Calculate the greatest common factor of y and 4.
4
Let t = 28 + 14. Let v be (27 + 1 - -2) + -2. What is the highest common divisor of v and t?
14
Let y be ((-4)/12 + 3)/((-2)/(-36)). What is the greatest common divisor of y and 16?
16
Let t = 19 - 11. Let o(n) = -3*n + 2. Let b be o(2). Let h be (b/(-10))/((-6)/(-1320)). Calculate the greatest common divisor of h and t.
8
Let t = 50 - 34. Calculate the highest common factor of t and 112.
16
Let g = 49 + -29. Let p = g - 8. Calculate the highest common factor of 3 and p.
3
Let t(j) = 118*j**3 + 2*j**2 - 1. Let d be t(1). Calculate the greatest common divisor of 17 and d.
17
Let u(r) = -13*r - 5. Let j be u(-2). What is the highest common factor of 7 and j?
7
Let k(o) = o**2 - 2*o - 3. Suppose -4*a + p + 19 = -0*a, a - p = 4. Let v be k(a). Let c be -24*(1 + (-39)/v). What is the highest common factor of 9 and c?
9
Let c be 3/(3/1)*3. What is the greatest common factor of 9 and c?
3
Let r(o) = -6*o**2 + 4*o + 4. Let x be r(4). Let j = x - -109. Calculate the greatest common divisor of j and 22.
11
Suppose 4*h + 5*x = -5 + 20, 3*h - 12 = -4*x. Let c be 3/9*h - -10. Let g = 0 - -2. What is the highest common factor of c and g?
2
Let g be 186/15 + (-6)/15. What is the highest common factor of 132 and g?
12
Let l = 6 + -3. Suppose -2*g + l = g. Calculate the highest common factor of 7 and g.
1
Let p(z) = 7*z - 8. Let g be p(5). Let k = g + -16. Calculate the highest common factor of 33 and k.
11
Let d be (58 + (4 - 7))*(2 + -1). Calculate the greatest common factor of 22 and d.
11
Let y = 39 - 18. Suppose 9*c - 4*c = -4*v, v = -3*c. Suppose -b + 0*b + 7 = v. Calculate the highest common factor of y and b.
7
Let o be (-1)/4 + 2*(-266)/(-16). What is the highest common divisor of o and 132?
33
Let l(s) = 10*s**2 + 4*s - 8. Let w be l(-4). Calculate the greatest common divisor of 8 and w.
8
Let c = -36 + 73. What is the highest common factor of c and 74?
37
Let m = -39 - -58. Suppose -l = -m - 6. Suppose -l = -3*q + 17. Calculate the highest common factor of q and 28.
14
Suppose -4*k = -7*k + 1836. Calculate the highest common divisor of 68 and k.
68
Let t(r) = r**3 - 3*r**2 + r + 2. Let h be t(4). Suppose -z = 0, -z = -4*j - 2*z - 132. Let p be j/6*11*-4. What is the highest common factor of h and p?
22
Let c be 1*(-4)/10*-315. Suppose 22 = i + 5*x - 17, 3*i - 2*x - 32 = 0. What is the highest common divisor of c and i?
14
Suppose -11*a + 7*a + 240 = 0. Calculate the highest common divisor of 30 and a.
30
Let c be (5 + -3)/(2/2). Suppose -c*a + u = -17, 23 = -a + 3*a - 3*u. What is the greatest common divisor of 28 and a?
7
Let g be (-18)/(-4) - (-1)/2. Let f(i) = i**2 - 4*i - 7. Let d be f(g). Let v be (-1 + d)/((-2)/6). What is the greatest common factor of 9 and v?
9
Suppose 2*u = -4*n + 1530, u - 2*u - 1923 = -5*n. Let c = n + -265. Calculate the greatest common factor of 17 and c.
17
Let i be 0 + (-2)/4*6. Let l be 9 - (-1 - -1)/i. What is the highest common factor of 6 and l?
3
Suppose 0 = -o + 6*o - 30. Calculate the highest common factor of 9 and o.
3
Let o = -14 + 21. Suppose -k = -2 - 3, -2*k = 4*m - 10. Suppose m*c - c + q = -12, 32 = c - 5*q. What is the greatest common divisor of c and o?
7
Suppose 2*v = -0*v + 26. Suppose -7*w + 15 = -2*w. Suppose 0 = -w*t + 7*t - 416. Calculate the greatest common factor of v and t.
13
Suppose -x = 1 - 2. Suppose 3 = -0*i + i. Suppose -4*q + i*q = -1. Calculate the greatest common factor of x and q.
1
Suppose -122 = 3*y + 202. Let n = y + 199. Let u = 16 + -3. What is the highest common factor of n and u?
13
Let m be (141/(-6))/(1/(-2)). Suppose n = -3*n + 16. Suppose -3*x = 4*w - 30, -w - n*w = -x - m. Calculate the highest common divisor of 99 and w.
9
Let k = -54 - -33. Let b be (-9)/(-4)*(-448)/k. Calculate the highest common divisor of b and 8.
8
Let v = 18 + 1. Calculate the highest common divisor of v and 76.
19
Let i be (-2)/(1/(3/(-6))). Calculate the greatest common factor of 13 and i.
1
Let r be 2*(-6)/48*(-51 + -1). What is the greatest common factor of 169 and r?
13
Let s(b) = b**2 - 3*b - 3. Suppose -3*t - x = -4*t + 4, -3*t + 22 = 2*x. Let i be s(t). Suppose -a = -0*a - i. Calculate the highest common divisor of a and 10.
5
Suppose -30*c + 35*c - 495 = 0. Calculate the highest common factor of c and 11.
11
Let c = 101 + -17. Let r(f) = -f**2 - 4*f + 4. Let z be r(-4). Let l = z + 8. What is the greatest common divisor of c and l?
12
Suppose 7*d = -50 + 148. What is the greatest common factor of 126 and d?
14
Let d be (-24*(-4)/6)/2. What is the greatest common factor of 72 and d?
8
Suppose 3*y = 6*y - 504. Suppose -2*k + y = -0*k. Suppose 0 = 5*w - 4*x - 89, 2*w - x - 80 = -2*w. Calculate the highest common factor of w and k.
21
Suppose 2*g - 5*r = 48, 2*r + 69 + 30 = 5*g. Calculate the highest common d